-20 + 22. Calculate the remainder when 5 is divided by x.
1
Suppose -o = -c - 5*o + 17, 4*o = 8. Let b = c + 11. Calculate the remainder when b is divided by 7.
6
Let u = -3 - -10. Suppose -2*m + g - 4*g = -4, 8 = m + 3*g. Calculate the remainder when u is divided by (-6)/m*(-1 + 3).
1
Let x(o) = 2*o**2 + 11*o - 3. What is the remainder when x(-7) is divided by 10?
8
Suppose -3*q - 48 = -3*u, -2*q - 25 - 18 = -3*u. Calculate the remainder when 41 is divided by u.
8
Let s = 15 - 1. Calculate the remainder when 26 is divided by s.
12
Suppose 2*o = -18 + 56. Calculate the remainder when 54 is divided by o.
16
Let r = -179 - -202. Calculate the remainder when 135 is divided by r.
20
Suppose -107 - 135 = -2*c. Calculate the remainder when c is divided by 2 + -4 - 14/((-14)/33).
28
Suppose -k - 95 = -2*k + m, 4*k - 386 = 2*m. What is the remainder when k is divided by 33?
32
Let i(p) = 4*p - 5. Let s(n) = n**3 - 2*n**2 + 2*n. Let r be s(2). Calculate the remainder when 31 is divided by i(r).
9
Suppose -2*g - 3*g = -4*n + 99, 2*n - 5*g = 47. Calculate the remainder when 67 is divided by n.
15
Let r(f) = -f**2 - 5. Let s be r(-4). Let u = 45 + s. What is the remainder when u is divided by 9?
6
Let c(t) = -t + 4. Let s be c(0). Suppose 2*u - 7 - 55 = 0. Suppose 3*d - 2*m - u = 0, -s*d + 5 = -m - 38. Calculate the remainder when d is divided by 4.
3
Let j = -34 + 47. What is the remainder when 37 is divided by j?
11
Suppose -3*c = 3*v - 18, -v - 10 = -0*v - 3*c. Suppose -2*h = v*h - 148. Let z = -12 + h. What is the remainder when z is divided by 14?
11
Let t = -74 - -125. What is the remainder when 151 is divided by t?
49
Let l(k) = -k**3 - 11*k**2 - 9*k + 11. Suppose 2*g = -4*t + 4, -4*g - t - 7 = -29. Suppose g = 3*d - 3. Calculate the remainder when d is divided by l(-10).
0
Suppose 8*p + 2*q = 3*p + 115, 4*p - 4*q - 120 = 0. What is the remainder when p is divided by 9?
7
Let o(x) = 1 + 6 - 2*x + x**3 + 2*x. Calculate the remainder when 27 is divided by o(0).
6
Suppose 4*n - 90 = 7*n. What is the remainder when (-1134)/n - 2/(-10) is divided by 10?
8
Calculate the remainder when 1545/35 + (5 - 2)/(-21) is divided by 23.
21
Suppose m = -4*m + 100. Let u(d) = 11*d**3 + d - 1. What is the remainder when m is divided by u(1)?
9
Let z be ((-6)/5)/(16/(-1640)). Let u = z + -74. Let l(q) = 5*q. What is the remainder when u is divided by l(5)?
24
Let z = -12 - -36. Calculate the remainder when z is divided by 13.
11
Let o = 4 + -4. Calculate the remainder when 22 - (-3 + (o - -3)) is divided by 12.
10
Suppose b - 4 - 1 = 0. Suppose 0*r = b*r - 45. Calculate the remainder when r is divided by 5.
4
Suppose d - 13 = -3*k, d - k + 11 = -2*d. Let n be 47 + 2 + -1 - d. Let t = n + -33. Calculate the remainder when 32 is divided by t.
15
Let i(r) = 2*r**3 + 3*r**2 - 2*r**2 + r**2. Calculate the remainder when i(2) is divided by 9.
6
Suppose 45 = 4*r + w - 12, 2*w = -5*r + 75. What is the remainder when 90 is divided by r?
12
Let r(w) = -w**2 + 14*w - 37. Calculate the remainder when 33 is divided by r(6).
0
Let y(z) = z**2 + z + 2. Suppose -3*s - 94 = -5*g, g + 64 = -2*s + 4*g. Let o = -18 - s. Calculate the remainder when y(7) is divided by o.
18
Let y = 10 - 2. Let m = 17 + 14. Calculate the remainder when m is divided by y.
7
Let j(z) = 50*z**2 + z. Let o be j(1). Let w = o + -18. Calculate the remainder when w is divided by 9.
6
Suppose 0 = 2*r - 8 - 2. Suppose -4*j + 13 = -43. What is the remainder when j is divided by r?
4
Let t = 23 + 18. Suppose -3*k + 11 = -2*k. Calculate the remainder when t is divided by k.
8
Let g(j) = -4*j - 7. Suppose c + 3*r = 2*c, r - 16 = -5*c. Suppose -226 = -c*h - 76. What is the remainder when h is divided by g(-6)?
16
Let m(a) = a**2 + 3. Let x be m(0). Suppose x*f - 3*h - 2*h - 12 = 0, 4*h = -5*f + 20. Suppose -p + f = -29. What is the remainder when p is divided by 17?
16
Let t(p) = p**3 - 22*p**2 - 8*p + 193. Calculate the remainder when t(22) is divided by (-45)/3*(-2)/6.
2
Let c = 28 + -21. What is the remainder when 20 is divided by c?
6
Suppose 5*t - 4*u = 21 - 2, 5*u = -5*t + 55. Calculate the remainder when 25 is divided by t.
4
Let p(k) = -k**3 + 5*k**2 - 2*k - 3. Let c = 0 + 0. Suppose 3*d + 2*z + 2*z = 4, d + 4*z + 4 = c. Calculate the remainder when p(4) is divided by d.
1
Suppose 3*v - 123 = -2*u, 3*u = 5*v + 61 - 247. Let p = 26 + -12. Calculate the remainder when v is divided by p.
11
Suppose -318 = -4*d - 2*p, -6*d - 3*p = -d - 399. What is the remainder when d is divided by 16?
14
Let q be 0/(-6 + 3 + 1). What is the remainder when 28 is divided by (4 - (q - -3))*15?
13
Let h(b) be the third derivative of -b**6/120 + b**5/15 + b**4/8 + b**3/6 + 4*b**2. Calculate the remainder when 37 is divided by h(4).
11
Let g(o) = o - 4. Let q be g(-4). Let s be q/(1 + 0/(-3)). Let w = 18 + s. What is the remainder when 18 is divided by w?
8
Let o be (4/6)/(4/6). Let n = 3 - o. What is the remainder when 19 is divided by -7*1/(-2)*n?
5
Suppose 24 = 4*j + 4*o, 0*j + 3*j - o - 14 = 0. Let y = 58 - j. What is the remainder when y is divided by 18?
17
What is the remainder when 361 - (0 + 0 + 3) is divided by 24?
22
Let j(k) = -k**2 + 3*k + 3. Suppose 3 + 1 = p. Calculate the remainder when p is divided by j(3).
1
Suppose 2*a - a = 0. Suppose a = -3*n - 4*j + 155, -3*j = n + 3*n - 195. Suppose 7*h = 4*h + n. What is the remainder when 43 is divided by h?
13
Let i(k) = k**2 + 2*k. Let r be i(-2). Suppose -5*v + 37 + 3 = r. Suppose -d + v = -1. What is the remainder when 16 is divided by d?
7
Let k be 3/6*(0 + 12). What is the remainder when 18 is divided by k/(-14) - (-219)/21?
8
Suppose 3 + 2 = -5*z, f + z = 43. Calculate the remainder when f is divided by 5.
4
Let p = 7 + -3. Calculate the remainder when 25 - ((p - 3) + -5) is divided by 5.
4
What is the remainder when 20 is divided by 572/55 - 6/(-10)?
9
What is the remainder when 91 is divided by 0 + 21 - (-3 - -1)?
22
Suppose -3*u + 0*u = -39. What is the remainder when 62 is divided by u?
10
Suppose 3*y + 29 = -n, -y - n = -0*y + 11. Let h = y - -20. What is the remainder when 41 is divided by h?
8
Let w = 8 + -3. Let t(h) = 6 + 1 + 6*h - 2*h**2 - 3 - 3 - h**3. Calculate the remainder when t(-4) is divided by w.
4
Suppose 4*t + 2*k = -2*k + 212, 0 = 4*t + k - 203. What is the remainder when t is divided by 17?
16
Suppose -4*p - 3 = f, -5*f + 4 = -3*p + 4*p. Let d(o) = 2*o - 4 + o**2 + 3 - 1. Calculate the remainder when d(-3) is divided by f.
0
Let q(x) = 6*x - 1. Let h = -242 - -252. What is the remainder when q(5) is divided by h?
9
Suppose -6*z = -5*z - 26. Let m(i) = -i**3 + 5*i + 2. What is the remainder when m(-5) is divided by z?
24
Suppose -10 = q - 15. Calculate the remainder when 20 is divided by q.
0
What is the remainder when 7 is divided by ((-70)/(-28))/(5/4)?
1
Suppose 0*q - 6 = -2*q. Suppose -2 = q*f - 41. Suppose -3*d + 152 = d. What is the remainder when d is divided by f?
12
Let g = 18 + -17. Calculate the remainder when 3 is divided by g.
0
Let s(u) = u**3 - 4*u**2 - 2*u - 10. What is the remainder when -1 - (0 - (15 + -1)) is divided by s(5)?
3
Let l(x) = 1. Let n(q) = -2*q + 14. Let h(r) = -5*l(r) + n(r). What is the remainder when 81 is divided by h(-6)?
18
Calculate the remainder when (-155)/(-4)*24/3 is divided by 24.
22
Let x(v) = -3*v - 9. Let r be x(-6). Let z(w) = 4*w + 5. What is the remainder when z(r) is divided by 11?
8
Let r(s) = 4*s + 0*s + 0*s + 4*s - 1. Calculate the remainder when 12 is divided by r(1).
5
Suppose 11*u - 6*u = 65. What is the remainder when u is divided by 8?
5
Let v(i) = -13*i + 3. Let k be v(5). Let r = k - -105. Calculate the remainder when r is divided by 11.
10
Calculate the remainder when (-2)/(-4) - 0 - 711/(-18) is divided by 7.
5
Let c = 52 + -22. Suppose -22 = -5*p + v, 5*p - 2*v = 3*v + c. Calculate the remainder when 11 is divided by p.
3
Suppose 5*o + 0*w = 2*w + 102, o - 2 = 5*w. What is the remainder when (3/(3/(-64)))/(-1) is divided by o?
20
Suppose -a + 2 = -0*a. Suppose -a*z = -6*z - 2*v + 22, -2*z + 4*v = 14. Calculate the remainder when 10 is divided by z.
1
Let l(a) = a - 12. Let p be l(5). Let w(x) = -x**3 - 6*x**2 + 6*x - 3. What is the remainder when w(p) is divided by 2?
0
Let h be (-1 +